 15*c**2 + 29*c - 23. What is q(-13)?
-62
Let p(o) = o**2 + 29*o - 251. What is p(-40)?
189
Let q(d) = 5*d - 88. Determine q(17).
-3
Let s(g) = -2*g**2 + 96*g - 174. Give s(46).
10
Let a(n) = n**3 - 7*n**2 - 40*n + 191. Calculate a(9).
-7
Let m(n) = 108*n + 6380. Give m(-59).
8
Let i(d) = -4*d - 191. Give i(-37).
-43
Let g(b) = b**2 + 41*b + 425. What is g(-8)?
161
Let k(u) = 8*u + 303. Give k(-42).
-33
Let f(u) = u**3 - u**2 - 22*u + 28. Give f(5).
18
Let k(y) = -2214*y - 57558. What is k(-26)?
6
Let d(w) = -w**3 - 8*w**2 + 11*w + 100. Give d(-8).
12
Let u(y) = -5*y + 33. Give u(13).
-32
Let i(y) = -16*y + 161. Calculate i(11).
-15
Let q(i) = -156*i + 439. Give q(6).
-497
Let b(n) = 7346*n - 51424. Calculate b(7).
-2
Let k(z) = -z**2 + 12*z + 169. Calculate k(-8).
9
Let o(c) = -5*c**2 - 10*c - 39. Calculate o(-3).
-54
Let y(j) = -2*j**2 + 488*j + 10013. Determine y(263).
19
Let j(f) = f**3 - 36*f**2 + 94*f + 167. Determine j(33).
2
Let s(c) = -9*c**2 + 30*c - 24. Determine s(10).
-624
Let b(h) = -57*h**3 + 294*h**2 - 46*h. Determine b(5).
-5
Let k(y) = -37*y + 115. Give k(3).
4
Let y(s) = 165*s - 1150. Determine y(7).
5
Let j(c) = 5*c**3 - c**2 - 98*c - 98. Determine j(-1).
-6
Let p(c) = -c - 36. Give p(26).
-62
Let h(m) = -17*m**2 - 5*m - 5. Calculate h(-2).
-63
Let n(b) = 45*b**3 - 2*b**2 - 52*b - 54. Determine n(-1).
-49
Let i(z) = 11*z**2 + 16*z - 63. What is i(4)?
177
Let j(f) = f**3 + 11*f**2 - 23*f - 135. Give j(-13).
-174
Let h(z) = -31*z - 688. What is h(10)?
-998
Let b(x) = x**3 - 29*x**2 - 169*x - 26. Give b(34).
8
Let d(h) = -7*h**3 - 315*h**2 - 310*h - 86. What is d(-44)?
2
Let k(j) = -18*j - 895. Calculate k(-47).
-49
Let r(d) = -d**3 + 64*d**2 - 179*d - 249. What is r(61)?
-5
Let l(d) = -63*d - 1132. Determine l(-18).
2
Let d(n) = 4*n - 146. What is d(4)?
-130
Let b(v) = v**2 - 54*v - 41. What is b(-14)?
911
Let m(d) = d**3 - 21*d**2 - 46*d - 57. Give m(23).
-57
Let m(i) = 447*i + 1365. Calculate m(-3).
24
Let p(k) = k**3 + 6*k**2 - 70*k + 3. Calculate p(-12).
-21
Let y(b) = -85*b**2 + 1019*b + 9. Calculate y(12).
-3
Let h(y) = -12*y**2 + 229*y + 1781. Give h(25).
6
Let s(f) = -32*f - 1565. Calculate s(-47).
-61
Let f(a) = 45*a - 1760. Calculate f(42).
130
Let u(o) = 17*o**3 - 80*o**2 + 84*o - 4. Determine u(1).
17
Let k(w) = 11*w**3 + 24*w**2 + 31*w + 4. Calculate k(-1).
-14
Let f(h) = -h**2 + 123*h - 2633. Calculate f(30).
157
Let o(k) = -k**3 + 7*k**2 - 24*k + 222. Determine o(6).
114
Let b(o) = -10*o + 282. Determine b(28).
2
Let v(b) = -59*b - 191. What is v(-5)?
104
Let d(z) = 2476*z + 12404. Give d(-5).
24
Let q(b) = 40*b + 184. Give q(-8).
-136
Let y(k) = -k**3 - 49*k**2 - 47*k + 116. Give y(-48).
68
Let i(v) = 69*v + 392. Determine i(-10).
-298
Let i(s) = 377*s + 335. What is i(-1)?
-42
Let q(x) = -x**3 + 20*x**2 + 72*x - 28. Give q(23).
41
Let v(n) = -n**2 + 29*n + 1471. Give v(-27).
-41
Let u(s) = 245*s + 726. Calculate u(-3).
-9
Let h(p) = 5*p**2 - 61*p - 20. Calculate h(11).
-86
Let g(b) = -b**3 + 3*b**2 + 22*b + 61. Determine g(-3).
49
Let q(r) = -r**3 + 8*r**2 - 4*r - 1. What is q(6)?
47
Let o(h) = h**3 + 6*h**2 + 8*h - 10. Determine o(-3).
-7
Let v(b) = b**2 + 2245*b - 13514. Give v(6).
-8
Let o(l) = -l + 15. Determine o(33).
-18
Let l(n) = -n**3 + 103*n**2 + 96*n + 770. Give l(104).
-62
Let m(t) = -t**3 + 100*t**2 - 736*t - 5. Calculate m(8).
-5
Let m(x) = -6*x - 117. Give m(-57).
225
Let n(y) = -y**2 - 33*y + 62. What is n(-20)?
322
Let q(b) = 185*b - 441. Give q(1).
-256
Let x(h) = -h**2 - 45*h + 143. Determine x(3).
-1
Let d(v) = 2*v**2 + 8*v - 470. Give d(13).
-28
Let q(c) = 3*c**2 - 53*c + 166. Calculate q(5).
-24
Let t(m) = -m**2 + 77*m - 302. Determine t(4).
-10
Let c(m) = 3700*m - 18506. Give c(5).
-6
Let g(w) = -15*w**2 - 23*w + 82. What is g(-3)?
16
Let m(g) = -g**2 + 77*g - 609. Give m(68).
3
Let n(j) = 2*j**3 + 11*j**2 - 89*j - 429. Determine n(-6).
69
Let y(p) = 4*p**3 + 28*p**2 - 36*p - 14. Calculate y(-8).
18
Let w(l) = -l**3 + 14*l**2 + 21*l + 215. What is w(16)?
39
Let k(p) = -p**3 - 17*p**2 + 260*p + 4415. Give k(-18).
59
Let a(h) = -182*h + 7280. What is a(40)?
0
Let p(n) = -33*n + 356. Determine p(11).
-7
Let j(a) = 4*a**2 - 242*a - 93. What is j(61)?
29
Let f(w) = w**3 - 14*w**2 + w - 34. Calculate f(14).
-20
Let k(s) = -2*s**3 - 15*s**2 + 52*s - 26. Calculate k(2).
2
Let v(u) = 35*u - 796. Determine v(19).
-131
Let k(l) = -117*l**2 - 3492*l + 550. Calculate k(-30).
10
Let j(q) = -1738*q - 43438. What is j(-25)?
12
Let z(p) = -6*p**2 + 84*p - 82. What is z(13)?
-4
Let r(z) = -z**2 - 52*z - 327. Give r(-39).
180
Let m(l) = 453*l - 29450. Determine m(65).
-5
Let c(i) = 31*i - 1249. Give c(42).
53
Let i(g) = 4*g**3 + 161*g**2 + 39*g - 43. What is i(-40)?
-3
Let r(t) = 9*t**3 + 116*t**2 - 10*t + 21. Determine r(-13).
-18
Let f(x) = 3*x**2 + 8*x + 107. Determine f(-5).
142
Let d(s) = 4*s**2 - 557*s - 4703. Determine d(-8).
9
Let a(x) = -8*x**2 + 10*x + 8. What is a(-2)?
-44
Let f(z) = 2*z**3 - 6*z**2 - 7*z + 6. Determine f(5).
71
Let u(l) = 30*l + 2087. Determine u(-69).
17
Let c(u) = 4*u**2 - 39*u - 258. Give c(-5).
37
Let l(h) = h**3 - 29*h**2 + 11*h - 305. Give l(29).
14
Let o(h) = h**3 - 12*h**2 - 12*h + 28. Determine o(13).
41
Let f(s) = 3*s**3 - 34*s**2 + 12*s - 81. What is f(11)?
-70
Let d(p) = p**3 + 54*p**2 - p + 74. What is d(-54)?
128
Let m(v) = -9*v**2 - 443*v - 3253. Calculate m(-9).
5
Let t(i) = 31*i - 2298. Determine t(76).
58
Let m(r) = -3*r**2 - 31*r - 332. Calculate m(0).
-332
Let y(d) = -30*d + 1253. Calculate y(46).
-127
Let r(u) = 2*u**3 + 103*u**2 - 58*u - 257. Calculate r(-52).
55
Let c(p) = 2*p**3 + 93*p**2 + 933*p - 169. Give c(-15).
11
Let i(n) = -5*n**2 + 46*n + 387. What is i(-6)?
-69
Let v(c) = -126*c - 5677. Give v(-45).
-7
Let n(p) = -2*p**2 + 21*p + 13. What is n(7)?
62
Let s(y) = 1282*y + 12813. Give s(-10).
-7
Let s(l) = 183*l - 166. Calculate s(1).
17
Let d(s) = 238*s - 7141. Calculate d(30).
-1
Let l(u) = -u**3 + 33*u**2 - 66*u + 2173. Determine l(33).
-5
Let y(h) = -h**3 + 16*h**2 - 14*h - 5. Calculate y(15).
10
Let r(v) = 4*v + 219. What is r(-13)?
167
Let r(q) = -3*q**2 - 48*q + 2. Give r(-16).
2
Let v(r) = -47*r + 206. Give v(-7).
535
Let d(c) = -c**3 - 10*c**2 + 20*c - 12. Determine d(-12).
36
Let d(y) = y**3 - 11*y**2 - 6*y + 13. Determine d(12).
85
Let c(o) = -712*o - 1420. Determine c(-2).
4
Let a(m) = -m**3 + 26*m**2 - 37*m + 6. Give a(24).
270
Let q(x) = -x**3 - 13*x**2 - 18*x + 80. Give q(-10).
-40
Let n(w) = -52*w + 3599. Calculate n(67).
115
Let j(z) = z**3 - 16*z**2 + 46*z + 73. Give j(6).
-11
Let k(n) = 359*n**2 + 6819*n - 45. Calculate k(-19).
-7
Let d(a) = -23*a + 37. Give d(4).
-55
Let u(b) = -16*b - 110. Calculate u(-7).
2
Let x(k) = 43*k + 1174. Determine x(-27).
13
Let y(o) = o**3 + 59*o**2 - 870*o - 1278. Determine y(-71).
0
Let m(t) = -t**2 + 185*t + 1536. Calculate m(-8).
-8
Let j(f) = f**3 - 37*f**2 - 71*f + 49. Determine j(39).
322
Let a(j) = -40*j**2 + 907*j + 907. What is a(-1)?
-40
Let w(o) = 4*o**2 - 59*o + 200. Calculate w(21).
725
Let k(i) = -i**3 - 12*i**2 - 22*i + 7. What is k(-10)?
27
Let r(c) = -26*c + 315. Determine r(13).
-23
Let v(r) = 2*r**3 - 5*r**2 - 4*r - 14. Determine v(0).
-14
Let a(w) = -w**2 - 10*w + 105. What is a(8)?
-39
Let d(v) = -2*v**2 + 69*v - 775. What is d(25)?
-300
Let m(q) = q**3 - 24*q**2 + 34*q - 32. Determine m(23).
221
Let d(u) = 2*u**2 + 11*u - 443. Calculate d(-18).
7
Let o(c) = -c**3 - 64*c**2 + 136*c - 211. Determine o(-66).
-475
Let g(p) = 86*p - 13420. Give g(156).
-4
Let s(i) = 175*i - 14680. Give s(84).
20
Let g(w) = 5*w - 206. Give g(15).
-131
Let g(m) = -m**2 + 20*m - 85. Calculate g(14).
-1
Let v(r) = 18*r - 870. What is v(48)?
-6
Let q(s) = s**2 + 18*s + 77. What is q(-7)?
0
Let f(v) = 2566*v - 25679. Calculate f(10).
-19
Let d(w) = 39*w - 4018. Calculate d(104).
38
Let j(k) = 32*k - 750. Give j(33).
306
Let h(z) = z**3 - 36*z**2 + 21*z + 485. Determine h(35).
-5
Let s(q) = -q**2 - 33*q - 96. Calculate s(-32).
-64
Let h(o) = 6*o**2 - 385*o - 268. Calculate h(65).
57
Let d(z) = -10*z**2 + 73*z - 40. What is d(5)?
75
Let x(j) = -43*j**3 + 8*j**2 - 17*j - 7. What is x(2)?
-353
Let j(k) = -11571*k + 46281. What is j(4)?
-3
Let x(j) = -8*j**2 + 49*j + 270. Calculate x(-5).
-175
Let g(v) 